{"id":22,"date":"2024-02-12T13:56:57","date_gmt":"2024-02-12T12:56:57","guid":{"rendered":"https:\/\/kris2-artisanedecoratrice.com\/?page_id=22"},"modified":"2024-02-28T18:20:23","modified_gmt":"2024-02-28T17:20:23","slug":"mentions-legales","status":"publish","type":"page","link":"https:\/\/kris2-artisanedecoratrice.com\/index.php\/mentions-legales\/","title":{"rendered":"Mentions l\u00e9gales"},"content":{"rendered":"\t\t<div data-elementor-type=\"wp-page\" data-elementor-id=\"22\" class=\"elementor elementor-22\">\n\t\t\t\t<div class=\"elementor-element elementor-element-963ab8d e-flex e-con-boxed e-con e-parent\" data-id=\"963ab8d\" data-element_type=\"container\">\n\t\t\t\t\t<div class=\"e-con-inner\">\n\t\t\t\t<div class=\"elementor-element elementor-element-30a7798 elementor-widget elementor-widget-heading\" data-id=\"30a7798\" data-element_type=\"widget\" data-widget_type=\"heading.default\">\n\t\t\t\t<div class=\"elementor-widget-container\">\n\t\t\t\t\t<h1 class=\"elementor-heading-title elementor-size-default\">Mentions l\u00e9gales<\/h1>\t\t\t\t<\/div>\n\t\t\t\t<\/div>\n\t\t\t\t<div class=\"elementor-element elementor-element-fb3a77c elementor-widget elementor-widget-text-editor\" data-id=\"fb3a77c\" data-element_type=\"widget\" data-widget_type=\"text-editor.default\">\n\t\t\t\t<div class=\"elementor-widget-container\">\n\t\t\t\t\t\t\t\t\t<p><\/p>\n<h2 class=\"western wp-block-heading\"><b>Pr\u00e9sentation du site<\/b><\/h2>\n<p><\/p>\n<p>En vertu de l\u2019article 6 de la loi n\u00b0 2004-575 du 21 juin 2004 pour la confiance dans l\u2019\u00e9conomie num\u00e9rique, il est pr\u00e9cis\u00e9 aux utilisateurs du site www.kris2-artisanedecoratrice.com, l\u2019identit\u00e9 des diff\u00e9rents intervenants dans le cadre de sa r\u00e9alisation et de son suivi :<\/p>\n<p>\u00a0<\/p>\n<p><strong>Propri\u00e9taire : <\/strong> Kris2 artisane d\u00e9coratrice, Christelle GINANNESCHI, Place du 22 septembre, 11300 LIMOUX<\/p>\n<p><span style=\"font-size: large;\"><b>responsable de publication : <\/b><\/span> Christelle GINANNESCHI.<b> <\/b>Le responsable publication est une personne physique.<\/p>\n<p><span style=\"font-size: large;\"><b>webmaster : <\/b>Laurette Riand, <a href=\"http:\/\/www.laurette-riand-cw.fr\/\">www.laurette-riand-cw.fr<\/a>, laurette.riand@gmail.com<\/span><\/p>\n<p><span style=\"font-size: large;\"><b>hebergeur :<\/b><\/span> Ce site est h\u00e9berg\u00e9 par OVH SAS, si\u00e8ge social\u00a0: 2 rue Kellermann \u2013 59100 Roubaix<\/p>\n<p><span style=\"font-size: large;\"><b>Contact :<\/b><\/span><b> <\/b> Christelle GINANNESCHI<\/p>\n<p><\/p>\n<h2 class=\"wp-block-heading\">Conditions g\u00e9n\u00e9rales d\u2019utilisation du site et des services propos\u00e9s<\/h2>\n<p><\/p>\n<p>L\u2019utilisation du site www.kris2-artisanedecoratrice.com implique l\u2019acceptation pleine et enti\u00e8re des conditions g\u00e9n\u00e9rales d\u2019utilisation ci-apr\u00e8s d\u00e9crites. Ces conditions d\u2019utilisation sont susceptibles d\u2019\u00eatre modifi\u00e9es ou compl\u00e9t\u00e9es \u00e0 tout moment, les utilisateurs du site www.kris2-artisanedecoratrice.com sont donc invit\u00e9s \u00e0 les consulter de mani\u00e8re r\u00e9guli\u00e8re.<br \/>Ce site est normalement accessible \u00e0 tout moment aux utilisateurs. Une interruption pour raison de maintenance technique peut \u00eatre toutefois d\u00e9cid\u00e9e par Christelle GINANNESCHI, qui s\u2019efforcera alors de communiquer pr\u00e9alablement aux utilisateurs les dates et heures de l\u2019intervention.<br \/>Le site www.kris2-artisanedecoratrice.com est mis \u00e0 jour r\u00e9guli\u00e8rement par Christelle GINANNESCHI. De la m\u00eame fa\u00e7on, les mentions l\u00e9gales peuvent \u00eatre modifi\u00e9es \u00e0 tout moment : elles s\u2019imposent n\u00e9anmoins \u00e0 l\u2019utilisateur qui est invit\u00e9 \u00e0 s\u2019y r\u00e9f\u00e9rer le plus souvent possible afin d\u2019en prendre connaissance.<\/p>\n<p><\/p>\n<h2 class=\"wp-block-heading\">Propri\u00e9t\u00e9 intellectuelle et contrefa\u00e7ons<\/h2>\n<p><\/p>\n<p>Christelle GINANNESCHI est propri\u00e9taire des droits de propri\u00e9t\u00e9 intellectuelle ou d\u00e9tient les droits d\u2019usage sur tous les \u00e9l\u00e9ments accessibles sur le site www.kris2-artisanedecoratrice.com, notamment les textes, images, graphismes, logo, ic\u00f4nes, sons, logiciels except\u00e9 les images de ce site tir\u00e9es de banques d\u2019images libre de droit qui le restent pour toute utilisation.<br \/>Toute reproduction, repr\u00e9sentation, modification, publication, adaptation de tout ou partie des \u00e9l\u00e9ments du site, quel que soit le moyen ou le proc\u00e9d\u00e9 utilis\u00e9, est interdite, sauf autorisation \u00e9crite pr\u00e9alable de Christelle GINANNESCHI.<\/p>\n<p>Toute exploitation non autoris\u00e9e du site ou de l\u2019un quelconque des \u00e9l\u00e9ments qu\u2019il contient sera consid\u00e9r\u00e9e comme constitutive d\u2019une contrefa\u00e7on et poursuivie conform\u00e9ment aux dispositions des articles L.335-2 et suivants du Code de Propri\u00e9t\u00e9 Intellectuelle.<\/p>\n<p>Ce site internet propose des articles de blog. Vous n\u2019\u00eates pas autoris\u00e9s \u00e0 recopier, reproduire ou modifier ces articles de blog. Pour toute citation, merci de citer votre source.<\/p>\n<p><\/p>\n<h2 class=\"wp-block-heading\">Limitations contractuelles sur les donn\u00e9es techniques et limitations de responsabilit\u00e9<\/h2>\n<p><\/p>\n<p><strong>Le site utilise la technologie JavaScript.<br \/>L\u2019utilisateur du site s\u2019engage \u00e0 acc\u00e9der au site en utilisant un mat\u00e9riel r\u00e9cent, ne contenant pas de virus et avec un navigateur de derni\u00e8re g\u00e9n\u00e9ration mis-\u00e0-jour.<\/strong><\/p>\n<p>Christelle GINANNESCHI, ne pourra \u00eatre tenue responsable des dommages directs et indirects caus\u00e9s au mat\u00e9riel de l\u2019utilisateur, lors de l\u2019acc\u00e8s au site www.kris2-artisanedecoratrice.com et r\u00e9sultant soit de l\u2019utilisation d\u2019un mat\u00e9riel ne r\u00e9pondant pas aux sp\u00e9cifications indiqu\u00e9es , soit de l\u2019apparition d\u2019un bug ou d\u2019une incompatibilit\u00e9.<br \/>Christelle GINANNESCHI ne pourra \u00e9galement \u00eatre tenue responsable des dommages indirects (tels par exemple qu\u2019une perte de march\u00e9 ou perte d\u2019une chance) cons\u00e9cutifs \u00e0 l\u2019utilisation du site www.kris2-artisanedecoratrice.com.<\/p>\n<p>Des espaces interactifs (possibilit\u00e9 de poser des questions dans l\u2019espace contact et de laisser des avis sur le site) sont \u00e0 la disposition des utilisateurs. Christelle GINANNESHI se r\u00e9serve le droit de supprimer, sans mise en demeure pr\u00e9alable, tout contenu d\u00e9pos\u00e9 dans cet espace qui contreviendrait \u00e0 la l\u00e9gislation applicable en France, en particulier aux dispositions relatives \u00e0 la protection des donn\u00e9es. Le cas \u00e9ch\u00e9ant, Christrelle GINANNESCHI se r\u00e9serve \u00e9galement la possibilit\u00e9 de mettre en cause la responsabilit\u00e9 civile et\/ou p\u00e9nale de l\u2019utilisateur, notamment en cas de message \u00e0 caract\u00e8re raciste, injurieux, diffamant, ou pornographique, quel que soit le support utilis\u00e9 (texte, photographie\u2026).<\/p>\n<p><\/p>\n<h2 class=\"wp-block-heading\">Politique de confidentialit\u00e9 et traitement des donn\u00e9es<\/h2>\n<p><strong>En France, les donn\u00e9es personnelles sont notamment prot\u00e9g\u00e9es par la loi n\u00b0 78-87 du 6 janvier 1978, la loi n\u00b0 2004-801 du 6 ao\u00fbt 2004, l\u2019article L. 226-13 du Code p\u00e9nal et la Directive Europ\u00e9enne du 24 octobre 1995.<br \/><\/strong><\/p>\n<p>A l\u2019occasion de l\u2019utilisation du site www.kris2-artisanedecoratrice.com, peuvent \u00eatres recueillies : l\u2019URL des liens par l\u2019interm\u00e9diaire desquels l\u2019utilisateur a acc\u00e9d\u00e9 au site www.kris2-artisanedecoratrice.com, le fournisseur d\u2019acc\u00e8s de l\u2019utilisateur, l\u2019adresse de protocole Internet (IP) de l\u2019utilisateur.<\/p>\n<p>En tout \u00e9tat de cause Christelle GINANNESCHI ne collecte des informations personnelles relatives \u00e0 l\u2019utilisateur que pour le besoin de certains services propos\u00e9s par le site www.kris2-artisanedecoratrice.com. L\u2019utilisateur fournit ces informations en toute connaissance de cause, notamment lorsqu\u2019il proc\u00e8de par lui-m\u00eame \u00e0 leur saisie. Il est alors pr\u00e9cis\u00e9 \u00e0 l\u2019utilisateur du site www.kris2-artisanedecoratrice.com l\u2019obligation ou non de fournir ces informations.<\/p>\n<p>Conform\u00e9ment aux dispositions des articles 38 et suivants de la loi 78-17 du 6 janvier 1978 relative \u00e0 l\u2019informatique, aux fichiers et aux libert\u00e9s, tout utilisateur dispose d\u2019un droit d\u2019acc\u00e8s, de rectification et d\u2019opposition aux donn\u00e9es personnelles le concernant, en effectuant sa demande \u00e9crite et sign\u00e9e, accompagn\u00e9e d\u2019une copie du titre d\u2019identit\u00e9 avec signature du titulaire de la pi\u00e8ce, en pr\u00e9cisant l\u2019adresse \u00e0 laquelle la r\u00e9ponse doit \u00eatre envoy\u00e9e.<\/p>\n<p>Aucune information personnelle de l\u2019utilisateur du site www.kris2-artisanedecoratrice.com n\u2019est publi\u00e9e \u00e0 l\u2019insu de l\u2019utilisateur, \u00e9chang\u00e9e, transf\u00e9r\u00e9e, c\u00e9d\u00e9e ou vendue sur un support quelconque \u00e0 des tiers. Seule l\u2019hypoth\u00e8se du rachat de Kris2 artisane d\u00e9coratrice et de ses droits permettrait la transmission des dites informations \u00e0 l\u2019\u00e9ventuel acqu\u00e9reur qui serait \u00e0 son tour tenu de la m\u00eame obligation de conservation et de modification des donn\u00e9es vis \u00e0 vis de l\u2019utilisateur du site www.kris2-artisanedecoratrice.com.<\/p>\n<p>Les bases de donn\u00e9es sont prot\u00e9g\u00e9es par les dispositions de la loi du 1er juillet 1998 transposant la directive 96\/9 du 11 mars 1996 relative \u00e0 la protection juridique des bases de donn\u00e9es.<\/p>\n<p><\/p>\n<h2 class=\"wp-block-heading\">Utilisation de cookies<\/h2>\n<p><\/p>\n<p>La navigation sur le site www.kris2-artisanedecoratrice.com est susceptible de provoquer l\u2019installation de cookie(s) sur l\u2019ordinateur de l\u2019utilisateur. Un cookie est un fichier de petite taille, qui ne permet pas l\u2019identification de l\u2019utilisateur, mais qui enregistre des informations relatives \u00e0 la navigation d\u2019un ordinateur sur un site. Les donn\u00e9es ainsi obtenues visent \u00e0 faciliter la navigation ult\u00e9rieure sur le site, et ont \u00e9galement vocation \u00e0 permettre diverses mesures de fr\u00e9quentation.<\/p>\n<p>Le site www.kris2-artisanedecoratrice.com, contient un certain nombre de liens hypertextes vers d\u2019autres sites, mis en place avec l\u2019autorisation de Christelle GINANNESCHI. Cependant, Christelle GINANNESCHI ne contr\u00f4le pas les sites en connexion avec le sien, et ne saurait donc \u00eatre responsable de leur contenu. Les risques li\u00e9s \u00e0 l\u2019utilisation de ces sites incombent pleinement \u00e0 l\u2019utilisateur. Il se conformera \u00e0 leurs conditions d\u2019utilisation.<\/p>\n<p>Pour plus d\u2019informations au sujet des cookies vous pouvez aller sur le site de la CNIL.<\/p>\t\t\t\t\t\t\t\t<\/div>\n\t\t\t\t<\/div>\n\t\t\t\t\t<\/div>\n\t\t\t\t<\/div>\n\t\t\t\t<\/div>\n\t\t","protected":false},"excerpt":{"rendered":"<p>Mentions l\u00e9gales Pr\u00e9sentation du site En vertu de l\u2019article 6 de la loi n\u00b0 2004-575 du 21 juin 2004 pour la confiance dans l\u2019\u00e9conomie num\u00e9rique, il est pr\u00e9cis\u00e9 aux utilisateurs du site www.kris2-artisanedecoratrice.com, l\u2019identit\u00e9 des diff\u00e9rents intervenants dans le cadre de sa r\u00e9alisation et de son suivi : \u00a0 Propri\u00e9taire : Kris2 artisane d\u00e9coratrice, Christelle [&hellip;]<\/p>\n","protected":false},"author":1,"featured_media":0,"parent":0,"menu_order":0,"comment_status":"closed","ping_status":"closed","template":"","meta":{"footnotes":""},"class_list":["post-22","page","type-page","status-publish","hentry"],"blocksy_meta":[],"yoast_head":"<!-- This site is optimized with the Yoast SEO plugin v24.7 - https:\/\/yoast.com\/wordpress\/plugins\/seo\/ -->\n<title>Mentions l\u00e9gales - Kris2 Artisane d\u00e9coratrice<\/title>\n<meta name=\"robots\" content=\"index, follow, max-snippet:-1, max-image-preview:large, max-video-preview:-1\" \/>\n<link rel=\"canonical\" href=\"https:\/\/kris2-artisanedecoratrice.com\/index.php\/mentions-legales\/\" \/>\n<meta property=\"og:locale\" content=\"fr_FR\" \/>\n<meta property=\"og:type\" content=\"article\" \/>\n<meta property=\"og:title\" content=\"Mentions l\u00e9gales - Kris2 Artisane d\u00e9coratrice\" \/>\n<meta property=\"og:description\" content=\"Mentions l\u00e9gales Pr\u00e9sentation du site En vertu de l\u2019article 6 de la loi n\u00b0 2004-575 du 21 juin 2004 pour la confiance dans l\u2019\u00e9conomie num\u00e9rique, il est pr\u00e9cis\u00e9 aux utilisateurs du site www.kris2-artisanedecoratrice.com, l\u2019identit\u00e9 des diff\u00e9rents intervenants dans le cadre de sa r\u00e9alisation et de son suivi : \u00a0 Propri\u00e9taire : Kris2 artisane d\u00e9coratrice, Christelle [&hellip;]\" \/>\n<meta property=\"og:url\" content=\"https:\/\/kris2-artisanedecoratrice.com\/index.php\/mentions-legales\/\" \/>\n<meta property=\"og:site_name\" content=\"Kris2 Artisane d\u00e9coratrice\" \/>\n<meta property=\"article:modified_time\" content=\"2024-02-28T17:20:23+00:00\" \/>\n<meta name=\"twitter:card\" content=\"summary_large_image\" \/>\n<meta name=\"twitter:label1\" content=\"Dur\u00e9e de lecture estim\u00e9e\" \/>\n\t<meta name=\"twitter:data1\" content=\"6 minutes\" \/>\n<script type=\"application\/ld+json\" class=\"yoast-schema-graph\">{\"@context\":\"https:\/\/schema.org\",\"@graph\":[{\"@type\":\"WebPage\",\"@id\":\"https:\/\/kris2-artisanedecoratrice.com\/index.php\/mentions-legales\/\",\"url\":\"https:\/\/kris2-artisanedecoratrice.com\/index.php\/mentions-legales\/\",\"name\":\"Mentions l\u00e9gales - Kris2 Artisane d\u00e9coratrice\",\"isPartOf\":{\"@id\":\"https:\/\/kris2-artisanedecoratrice.com\/#website\"},\"datePublished\":\"2024-02-12T12:56:57+00:00\",\"dateModified\":\"2024-02-28T17:20:23+00:00\",\"breadcrumb\":{\"@id\":\"https:\/\/kris2-artisanedecoratrice.com\/index.php\/mentions-legales\/#breadcrumb\"},\"inLanguage\":\"fr-FR\",\"potentialAction\":[{\"@type\":\"ReadAction\",\"target\":[\"https:\/\/kris2-artisanedecoratrice.com\/index.php\/mentions-legales\/\"]}]},{\"@type\":\"BreadcrumbList\",\"@id\":\"https:\/\/kris2-artisanedecoratrice.com\/index.php\/mentions-legales\/#breadcrumb\",\"itemListElement\":[{\"@type\":\"ListItem\",\"position\":1,\"name\":\"Accueil\",\"item\":\"https:\/\/kris2-artisanedecoratrice.com\/\"},{\"@type\":\"ListItem\",\"position\":2,\"name\":\"Mentions l\u00e9gales\"}]},{\"@type\":\"WebSite\",\"@id\":\"https:\/\/kris2-artisanedecoratrice.com\/#website\",\"url\":\"https:\/\/kris2-artisanedecoratrice.com\/\",\"name\":\"Kris2 Artisane d\u00e9coratrice feutri\u00e8re et peintre en d\u00e9cors\",\"description\":\"Artisane d\u00e9coratrice, peintre, feutri\u00e8re &amp; art th\u00e9rapeute\",\"publisher\":{\"@id\":\"https:\/\/kris2-artisanedecoratrice.com\/#organization\"},\"potentialAction\":[{\"@type\":\"SearchAction\",\"target\":{\"@type\":\"EntryPoint\",\"urlTemplate\":\"https:\/\/kris2-artisanedecoratrice.com\/?s={search_term_string}\"},\"query-input\":{\"@type\":\"PropertyValueSpecification\",\"valueRequired\":true,\"valueName\":\"search_term_string\"}}],\"inLanguage\":\"fr-FR\"},{\"@type\":\"Organization\",\"@id\":\"https:\/\/kris2-artisanedecoratrice.com\/#organization\",\"name\":\"Kris2 Artisane d\u00e9coratrice\",\"url\":\"https:\/\/kris2-artisanedecoratrice.com\/\",\"logo\":{\"@type\":\"ImageObject\",\"inLanguage\":\"fr-FR\",\"@id\":\"https:\/\/kris2-artisanedecoratrice.com\/#\/schema\/logo\/image\/\",\"url\":\"https:\/\/kris2-artisanedecoratrice.com\/wp-content\/uploads\/2023\/10\/logo_kris2_artisane_decoratrice_peintre_feutriere.png\",\"contentUrl\":\"https:\/\/kris2-artisanedecoratrice.com\/wp-content\/uploads\/2023\/10\/logo_kris2_artisane_decoratrice_peintre_feutriere.png\",\"width\":801,\"height\":1079,\"caption\":\"Kris2 Artisane d\u00e9coratrice\"},\"image\":{\"@id\":\"https:\/\/kris2-artisanedecoratrice.com\/#\/schema\/logo\/image\/\"},\"sameAs\":[\"https:\/\/www.instagram.com\/kris2_artisane\/\"]}]}<\/script>\n<!-- \/ Yoast SEO plugin. -->","yoast_head_json":{"title":"Mentions l\u00e9gales - Kris2 Artisane d\u00e9coratrice","robots":{"index":"index","follow":"follow","max-snippet":"max-snippet:-1","max-image-preview":"max-image-preview:large","max-video-preview":"max-video-preview:-1"},"canonical":"https:\/\/kris2-artisanedecoratrice.com\/index.php\/mentions-legales\/","og_locale":"fr_FR","og_type":"article","og_title":"Mentions l\u00e9gales - Kris2 Artisane d\u00e9coratrice","og_description":"Mentions l\u00e9gales Pr\u00e9sentation du site En vertu de l\u2019article 6 de la loi n\u00b0 2004-575 du 21 juin 2004 pour la confiance dans l\u2019\u00e9conomie num\u00e9rique, il est pr\u00e9cis\u00e9 aux utilisateurs du site www.kris2-artisanedecoratrice.com, l\u2019identit\u00e9 des diff\u00e9rents intervenants dans le cadre de sa r\u00e9alisation et de son suivi : \u00a0 Propri\u00e9taire : Kris2 artisane d\u00e9coratrice, Christelle [&hellip;]","og_url":"https:\/\/kris2-artisanedecoratrice.com\/index.php\/mentions-legales\/","og_site_name":"Kris2 Artisane d\u00e9coratrice","article_modified_time":"2024-02-28T17:20:23+00:00","twitter_card":"summary_large_image","twitter_misc":{"Dur\u00e9e de lecture estim\u00e9e":"6 minutes"},"schema":{"@context":"https:\/\/schema.org","@graph":[{"@type":"WebPage","@id":"https:\/\/kris2-artisanedecoratrice.com\/index.php\/mentions-legales\/","url":"https:\/\/kris2-artisanedecoratrice.com\/index.php\/mentions-legales\/","name":"Mentions l\u00e9gales - Kris2 Artisane d\u00e9coratrice","isPartOf":{"@id":"https:\/\/kris2-artisanedecoratrice.com\/#website"},"datePublished":"2024-02-12T12:56:57+00:00","dateModified":"2024-02-28T17:20:23+00:00","breadcrumb":{"@id":"https:\/\/kris2-artisanedecoratrice.com\/index.php\/mentions-legales\/#breadcrumb"},"inLanguage":"fr-FR","potentialAction":[{"@type":"ReadAction","target":["https:\/\/kris2-artisanedecoratrice.com\/index.php\/mentions-legales\/"]}]},{"@type":"BreadcrumbList","@id":"https:\/\/kris2-artisanedecoratrice.com\/index.php\/mentions-legales\/#breadcrumb","itemListElement":[{"@type":"ListItem","position":1,"name":"Accueil","item":"https:\/\/kris2-artisanedecoratrice.com\/"},{"@type":"ListItem","position":2,"name":"Mentions l\u00e9gales"}]},{"@type":"WebSite","@id":"https:\/\/kris2-artisanedecoratrice.com\/#website","url":"https:\/\/kris2-artisanedecoratrice.com\/","name":"Kris2 Artisane d\u00e9coratrice feutri\u00e8re et peintre en d\u00e9cors","description":"Artisane d\u00e9coratrice, peintre, feutri\u00e8re &amp; art th\u00e9rapeute","publisher":{"@id":"https:\/\/kris2-artisanedecoratrice.com\/#organization"},"potentialAction":[{"@type":"SearchAction","target":{"@type":"EntryPoint","urlTemplate":"https:\/\/kris2-artisanedecoratrice.com\/?s={search_term_string}"},"query-input":{"@type":"PropertyValueSpecification","valueRequired":true,"valueName":"search_term_string"}}],"inLanguage":"fr-FR"},{"@type":"Organization","@id":"https:\/\/kris2-artisanedecoratrice.com\/#organization","name":"Kris2 Artisane d\u00e9coratrice","url":"https:\/\/kris2-artisanedecoratrice.com\/","logo":{"@type":"ImageObject","inLanguage":"fr-FR","@id":"https:\/\/kris2-artisanedecoratrice.com\/#\/schema\/logo\/image\/","url":"https:\/\/kris2-artisanedecoratrice.com\/wp-content\/uploads\/2023\/10\/logo_kris2_artisane_decoratrice_peintre_feutriere.png","contentUrl":"https:\/\/kris2-artisanedecoratrice.com\/wp-content\/uploads\/2023\/10\/logo_kris2_artisane_decoratrice_peintre_feutriere.png","width":801,"height":1079,"caption":"Kris2 Artisane d\u00e9coratrice"},"image":{"@id":"https:\/\/kris2-artisanedecoratrice.com\/#\/schema\/logo\/image\/"},"sameAs":["https:\/\/www.instagram.com\/kris2_artisane\/"]}]}},"_links":{"self":[{"href":"https:\/\/kris2-artisanedecoratrice.com\/index.php\/wp-json\/wp\/v2\/pages\/22","targetHints":{"allow":["GET"]}}],"collection":[{"href":"https:\/\/kris2-artisanedecoratrice.com\/index.php\/wp-json\/wp\/v2\/pages"}],"about":[{"href":"https:\/\/kris2-artisanedecoratrice.com\/index.php\/wp-json\/wp\/v2\/types\/page"}],"author":[{"embeddable":true,"href":"https:\/\/kris2-artisanedecoratrice.com\/index.php\/wp-json\/wp\/v2\/users\/1"}],"replies":[{"embeddable":true,"href":"https:\/\/kris2-artisanedecoratrice.com\/index.php\/wp-json\/wp\/v2\/comments?post=22"}],"version-history":[{"count":38,"href":"https:\/\/kris2-artisanedecoratrice.com\/index.php\/wp-json\/wp\/v2\/pages\/22\/revisions"}],"predecessor-version":[{"id":3069,"href":"https:\/\/kris2-artisanedecoratrice.com\/index.php\/wp-json\/wp\/v2\/pages\/22\/revisions\/3069"}],"wp:attachment":[{"href":"https:\/\/kris2-artisanedecoratrice.com\/index.php\/wp-json\/wp\/v2\/media?parent=22"}],"curies":[{"name":"wp","href":"https:\/\/api.w.org\/{rel}","templated":true}]}}